6*q - 109. What is the remainder when j(-19) is divided by 9?
8
Suppose 0 = 5*t + 2*s - 33, 0*t + t - 9 = 2*s. Let n(c) = -c**2 + 20 + 14 + t - 9*c. What is the remainder when 7 is divided by n(-12)?
2
Let m(x) = -19*x + 6. Let p be m(-2). Let j be -2 + p/(-12) + 7/(-21). Let o(g) = 6*g + 74. Calculate the remainder when 227 is divided by o(j).
37
Suppose 5*o - 3*z + 20 = -29, 2*o = -z - 24. Let l be 130/o - (3 - 62/22). Calculate the remainder when 227 is divided by ((-57)/l)/(2/16).
37
Let b = -39 + 32. Let p(f) = f**2 - 5*f. Calculate the remainder when p(b) is divided by 29.
26
What is the remainder when -1 + (-10)/4 - (-117711)/82 is divided by 18?
10
Let p(h) = h**3 + 16*h**2 + 11*h + 5. Let a be p(-14). Let f = -219 + a. Calculate the remainder when f is divided by 16.
8
Let s = 109 - 63. Let g = s + -44. Suppose 2*t + g*t = 20. What is the remainder when 8 is divided by t?
3
Suppose -2*a + 186 = -5*z + 215, -4*z = a - 18. Let s = -2 + 5. Calculate the remainder when (38*a)/2*s/(-6) is divided by 5.
4
Calculate the remainder when 401/(-10)*-10*(-1 - -4) is divided by 238.
13
Let p = 5 - -1. Suppose 16*v - 327 = 167 + 130. What is the remainder when v is divided by p?
3
Let p(r) = 2*r + 25. Let o be p(-41). What is the remainder when 143 is divided by (o/15 + 5)*10?
11
Let c = -3590 + 3608. What is the remainder when 969 is divided by c?
15
Let w(v) = -v**3 - 3*v**2 + 2*v. Let l be w(-5). Let b be (-126)/35*(55/(-15) + 2). What is the remainder when 168/20*l/b is divided by 20?
16
Suppose 222*j - 1624 = 236*j. Let w = 188 + 22. Let s = j + w. What is the remainder when s is divided by 24?
22
Let j = -17669 + 19251. Calculate the remainder when j is divided by 227.
220
What is the remainder when 248 is divided by (10/(-8))/((-15903)/(-936) + -17)?
118
Suppose -49*q = -132 - 554. What is the remainder when 495 is divided by q?
5
Let d(a) = -10*a + 15. Let w(i) = -7*i + 10. Let v(z) = 5*d(z) - 7*w(z). Let n(u) = u + 4. Let y be n(-4). Calculate the remainder when 11 is divided by v(y).
1
Let v = 478 - 398. What is the remainder when 75 is divided by 32/v + (-63)/(-5)?
10
Let k(o) = 2*o + 24. Suppose -4*u + 55 = h, 4*u - 5*u + 17 = -3*h. Calculate the remainder when k(0) is divided by u.
10
Suppose -422 = -3*c - 2. What is the remainder when c is divided by 261/(-6)*-3*(-14)/(-63)?
24
Let k be -3*(4/3 + -6 + 3). Suppose -d = k*d - 390. What is the remainder when (6/(-5))/((-2)/d) is divided by 14?
11
Let v(d) = -d**3 - 4*d**2 + 41*d - 4. Let a be v(-9). Suppose -4*o - 5*y + 114 = 0, 0 = -o + 2*y + 3 + a. What is the remainder when 49 is divided by o?
18
Let i = -114 + 75. Calculate the remainder when 161 is divided by (-111)/i + -3 + (-535)/(-13).
38
Suppose 0 = -20*w + 176 - 576. What is the remainder when (-8)/5*(-800)/(w/(-2)) is divided by 22?
18
Calculate the remainder when (39116/176)/(7/8) is divided by 83.
5
Let r(c) be the first derivative of c**3/3 + 17*c**2/2 - 29*c + 25. What is the remainder when ((-214)/(-3))/(1/3) is divided by r(-20)?
28
Let m = 1514 + 1520. Calculate the remainder when m is divided by 132.
130
Let r = -305 + 309. Calculate the remainder when (3/(-13 + r))/(2/(-852)) is divided by 48.
46
Let x(d) = -6*d + 10. What is the remainder when (2/5)/(-43 - (-534114)/12420) is divided by x(-8)?
34
Let f be 480*((-16)/10)/(-4). Let k = f + -105. Calculate the remainder when k is divided by 9.
6
Let b(j) = -j**3 + 9*j**2 - 4*j - 3. Let u be 1 - (-10 - 9/(-3))*1. Let n be b(u). Let z = -11 + n. Calculate the remainder when z is divided by 5.
3
Let s(p) = -p - 5. Let r be s(7). What is the remainder when (9/r*4)/((-2)/74) is divided by 6?
3
Let m be (-8)/12*(-30)/4. Suppose m*n = n + 68. Suppose -6*v = -16*v + 300. Calculate the remainder when v is divided by n.
13
Let c(s) = -s**2 - 38*s + 99. Let p be c(-41). Calculate the remainder when 7*5 - (p/8 + 1) is divided by 5.
2
Calculate the remainder when 4700 is divided by (-8)/(-2)*(-192)/(-36)*(-84)/(-8).
220
Suppose -y + 4*v - 32 = -17, 4*y = 2*v + 24. Let s = -6 - -6. Suppose z = -s*z + 17. Calculate the remainder when z is divided by y.
8
Suppose 3*p + 3*n - 213 = 0, -3*n + 83 = p - 8*n. Calculate the remainder when p is divided by ((-12)/16)/3*-176.
29
Suppose 277*m = 272*m + 15. Suppose -3*d - 57 = -5*z, -m*z - 3*d + 0 = -39. Calculate the remainder when 104 is divided by z.
8
Let d = 5375 + -5057. Calculate the remainder when 963 is divided by d.
9
Let g = 289 + -483. Let j = g + 225. Let q = 9 - -7. What is the remainder when j is divided by q?
15
What is the remainder when 1566 is divided by (40/(-12))/((-2292)/252 + 9)?
26
Let j = 2407 + -2143. Calculate the remainder when j is divided by 62.
16
Let q = 12 - 7. Let s(w) = w**3 + 2*w**2 - 7*w. What is the remainder when s(q) is divided by (-71214)/(-1518) + (-2)/(-23)?
46
Let s = -88014 - -88018. What is the remainder when (1 - (-1)/(-2))*110 is divided by s?
3
Suppose -71 - 19 = -5*b. What is the remainder when (((-792)/(-30))/22)/(2/115) is divided by b?
15
Calculate the remainder when (-14860)/(-12)*(-144)/(-40) is divided by 16.
10
Let o(s) = 3*s + 12. Let c = -509 - -510. What is the remainder when 177 is divided by o(c)?
12
Let f(b) = -10*b - 1. Suppose 4*q - 4*d = 12, 4*q - 3*d - 14 = -0*q. Let o be -5 - -6 - 0 - q. Calculate the remainder when f(o) is divided by 21.
18
Let i(h) = h**3 + 7*h**2 - 10*h + 2. Let f(y) = -y + 7. Let x be f(-5). Suppose -l = 5 - x. Calculate the remainder when i(-8) is divided by l.
4
Suppose 85*w = 84*w - 7, 0 = -5*p - 4*w + 6582. Calculate the remainder when p is divided by 30.
2
Suppose 56 = h - 17. Suppose 4*l - l = -4*v + 112, 0 = -5*l - v + 164. Let z = h - l. What is the remainder when z is divided by 21?
20
Let x(f) = 3*f + 32. Let q(j) = -6*j - 63. Let l(z) = -2*q(z) - 5*x(z). Calculate the remainder when 19 is divided by l(-13).
4
Suppose -2*c = 3*n - 165, -4*c + 23*n + 325 = 28*n. What is the remainder when 322 is divided by c?
22
Let b = -402 + 441. Suppose 1342 = -b*r + 50*r. What is the remainder when r is divided by 14?
10
Suppose 3*p + 4*z = 730, p = 4*p + 5*z - 728. Suppose 5*c + 61 = p. Calculate the remainder when c is divided by 11.
4
Let l = -5282 - -8042. Suppose 9*f - l = -11*f. Calculate the remainder when f is divided by 2 - 0 - (-12 + 0).
12
Let o = -132 - -201. Let l(a) = a**2 + 2850*a + 39718. What is the remainder when o is divided by l(-14)?
13
Let w(z) = z**2 - 52*z + 346. Calculate the remainder when 434 is divided by w(6).
14
Suppose 8*l = 57 - 1. Let w(i) = -2*i**2 + 21*i - 41. Calculate the remainder when 36 is divided by w(l).
4
Let r = -5474 + 5481. Calculate the remainder when (-6)/4*306/(-27) is divided by r.
3
Suppose -72 = 2*u - 5*u. Let h = u + 9. Let r = -103354 - -103517. What is the remainder when r is divided by h?
31
Let m = -23 - -36. Let v = -620 + 658. What is the remainder when v is divided by m?
12
Let x = -3700 - -3836. Calculate the remainder when 285 is divided by x.
13
Let a = -195 + 203. Suppose 0 = -a*b - 42 + 386. Suppose 5*y - 636 + 6 = 0. Calculate the remainder when y is divided by b.
40
Suppose 0 = -56*h + 3158 + 3428 + 11670. Calculate the remainder when 980 is divided by h.
2
Let z(p) = p**3 - 31*p**2 - 34*p + 85. Suppose 3*r + 11*r = 448. What is the remainder when 164 is divided by z(r)?
17
Let a(i) = 3*i - 80. Let j be a(50). Let h = j - 8. What is the remainder when 169 is divided by h?
45
Let p be -3*((-30)/9 - -2) + 2. Suppose p*y - 560 = -22*y. Calculate the remainder when 37 is divided by y.
17
Let j be 850/(((-8)/6)/((-10)/15)). Let k = j - 422. What is the remainder when 12 is divided by k?
0
Let o = 1902 + -1732. Calculate the remainder when 182 is divided by o.
12
Suppose 7*h - 20*h + 65 = 0. Suppose 3*j - r - 587 = -2*r, -h*j + r + 981 = 0. What is the remainder when j is divided by 10?
6
Let f(x) = x + 6. Let u(o) = 6*o - 108. Let v be u(18). Suppose v*z - 51 = -z - b, 2*z - 5*b - 123 = 0. What is the remainder when z is divided by f(6)?
6
Let s(t) = -t**3 - 15*t**2 - 26*t + 18. Let c be s(-13). Suppose c*a - 14 = 16*a. Calculate the remainder when 12 is divided by a.
5
Let p = 5871 + -3339. What is the remainder when p is divided by 39?
36
Suppose -3*b - 5 = -5*o + 2, 0 = -4*b + 5*o - 1. What is